{"id":987,"date":"2021-10-04T23:03:36","date_gmt":"2021-10-04T21:03:36","guid":{"rendered":"http:\/\/tbcdesamiantage.fr\/?page_id=987"},"modified":"2021-11-22T20:41:02","modified_gmt":"2021-11-22T19:41:02","slug":"nous-rejoindre","status":"publish","type":"page","link":"https:\/\/tbcdesamiantage.fr\/?page_id=987","title":{"rendered":"Nous rejoindre"},"content":{"rendered":"\t\t<div data-elementor-type=\"wp-page\" data-elementor-id=\"987\" class=\"elementor elementor-987\" data-elementor-settings=\"[]\">\n\t\t\t\t\t\t\t<div class=\"elementor-section-wrap\">\n\t\t\t\t\t\t\t<section class=\"elementor-section elementor-top-section elementor-element elementor-element-5c14d8cb elementor-section-height-min-height elementor-section-content-middle elementor-section-boxed elementor-section-height-default elementor-section-items-middle\" data-id=\"5c14d8cb\" data-element_type=\"section\" data-settings=\"{&quot;background_background&quot;:&quot;classic&quot;}\">\n\t\t\t\t\t\t\t<div class=\"elementor-background-overlay\"><\/div>\n\t\t\t\t\t\t\t<div class=\"elementor-container elementor-column-gap-default\">\n\t\t\t\t\t<div class=\"elementor-column elementor-col-100 elementor-top-column elementor-element elementor-element-4e185b37\" data-id=\"4e185b37\" data-element_type=\"column\">\n\t\t\t<div class=\"elementor-widget-wrap elementor-element-populated\">\n\t\t\t\t\t\t\t\t<div class=\"elementor-element elementor-element-2f0a0e9a elementor-widget elementor-widget-heading\" data-id=\"2f0a0e9a\" data-element_type=\"widget\" data-widget_type=\"heading.default\">\n\t\t\t\t<div class=\"elementor-widget-container\">\n\t\t\t<h2 class=\"elementor-heading-title elementor-size-default\">Rejoignez-nous !<\/h2>\t\t<\/div>\n\t\t\t\t<\/div>\n\t\t\t\t\t<\/div>\n\t\t<\/div>\n\t\t\t\t\t\t\t<\/div>\n\t\t<\/section>\n\t\t\t\t<section class=\"elementor-section elementor-top-section elementor-element elementor-element-2c03e0b1 elementor-section-content-middle elementor-section-boxed elementor-section-height-default elementor-section-height-default\" data-id=\"2c03e0b1\" data-element_type=\"section\">\n\t\t\t\t\t\t<div class=\"elementor-container elementor-column-gap-no\">\n\t\t\t\t\t<div class=\"elementor-column elementor-col-100 elementor-top-column elementor-element elementor-element-281dcfeb\" data-id=\"281dcfeb\" data-element_type=\"column\">\n\t\t\t<div class=\"elementor-widget-wrap elementor-element-populated\">\n\t\t\t\t\t\t\t\t<div class=\"elementor-element elementor-element-6d57dc7f elementor-widget elementor-widget-heading\" data-id=\"6d57dc7f\" data-element_type=\"widget\" data-widget_type=\"heading.default\">\n\t\t\t\t<div class=\"elementor-widget-container\">\n\t\t\t<h4 class=\"elementor-heading-title elementor-size-default\">Candidatures spontan\u00e9es<\/h4>\t\t<\/div>\n\t\t\t\t<\/div>\n\t\t\t\t<div class=\"elementor-element elementor-element-6f44b1e9 elementor-widget elementor-widget-text-editor\" data-id=\"6f44b1e9\" data-element_type=\"widget\" data-widget_type=\"text-editor.default\">\n\t\t\t\t<div class=\"elementor-widget-container\">\n\t\t\t\t\t\t\t<p>Vous souhaitez rejoindre nos \u00e9quipes ? Envoyez votre candidature !<\/p>\t\t\t\t\t\t<\/div>\n\t\t\t\t<\/div>\n\t\t\t\t\t<\/div>\n\t\t<\/div>\n\t\t\t\t\t\t\t<\/div>\n\t\t<\/section>\n\t\t\t\t<section class=\"elementor-section elementor-top-section elementor-element elementor-element-d13a959 elementor-section-boxed elementor-section-height-default elementor-section-height-default\" data-id=\"d13a959\" data-element_type=\"section\">\n\t\t\t\t\t\t<div class=\"elementor-container elementor-column-gap-default\">\n\t\t\t\t\t<div class=\"elementor-column elementor-col-100 elementor-top-column elementor-element elementor-element-9a406ee\" data-id=\"9a406ee\" data-element_type=\"column\">\n\t\t\t<div class=\"elementor-widget-wrap elementor-element-populated\">\n\t\t\t\t\t\t\t\t<div class=\"elementor-element elementor-element-90f5f1b elementor-widget elementor-widget-text-editor\" data-id=\"90f5f1b\" data-element_type=\"widget\" data-widget_type=\"text-editor.default\">\n\t\t\t\t<div class=\"elementor-widget-container\">\n\t\t\t\t\t\t\t<div class=\"everest-forms\"><div class=\"evf-container default\" id=\"evf-1235\"><form id=\"evf-form-1235\" class=\"everest-form\" data-formid=\"1235\" data-ajax_submission=\"0\" method=\"post\" enctype=\"multipart\/form-data\" action=\"\/index.php?rest_route=%2Fwp%2Fv2%2Fpages%2F987\"><div class=\"evf-field-container\"><input type=\"hidden\" id=\"_wpnonce\" name=\"_wpnonce\" value=\"aff026046e\" \/><input type=\"hidden\" name=\"_wp_http_referer\" value=\"\/index.php?rest_route=%2Fwp%2Fv2%2Fpages%2F987\" \/><div class=\"evf-frontend-row\" data-row=\"row_1\"><div class=\"evf-frontend-grid evf-grid-2\" data-grid=\"grid_1\"><div id=\"evf-1235-field_oYnNVqcS2R-2-container\" class=\"evf-field evf-field-last-name form-row validate-required\" data-required-field-message=\"Ce champ est n\u00e9cessaire.\" data-field-id=\"oYnNVqcS2R-2\"><label class=\"evf-field-label\" for=\"evf-1235-field_oYnNVqcS2R-2\"><span class=\"evf-label\">Nom<\/span> <abbr class=\"required\" title=\"N\u00e9cessaire\">*<\/abbr><\/label><input type=\"text\" id=\"evf-1235-field_oYnNVqcS2R-2\" class=\"input-text\" name=\"everest_forms[form_fields][oYnNVqcS2R-2]\" conditional_id=\"oYnNVqcS2R-2\" required><\/div><div id=\"evf-1235-field_NYUrbsaHqJ-9-container\" class=\"evf-field evf-field-email form-row validate-required validate-email\" data-required-field-message=\"Veuillez entrer une adresse e-mail valide.\" data-field-id=\"NYUrbsaHqJ-9\"><label class=\"evf-field-label\" for=\"evf-1235-field_NYUrbsaHqJ-9\"><span class=\"evf-label\">E-mail<\/span> <abbr class=\"required\" title=\"N\u00e9cessaire\">*<\/abbr><\/label><input type=\"email\" id=\"evf-1235-field_NYUrbsaHqJ-9\" class=\"input-text\" name=\"everest_forms[form_fields][NYUrbsaHqJ-9]\" conditional_id=\"NYUrbsaHqJ-9\" required><\/div><div id=\"evf-1235-field_x47qcDpeZD-8-container\" class=\"evf-field evf-field-date-time form-row\" data-field-id=\"x47qcDpeZD-8\"><label class=\"evf-field-label\" for=\"evf-1235-field_x47qcDpeZD-8\"><span class=\"evf-label\">Date de naissance<\/span> <\/label><input type=\"text\" id=\"evf-1235-field_x47qcDpeZD-8\" class=\"flatpickr-field input-text\" name=\"everest_forms[form_fields][x47qcDpeZD-8]\" data-time-interval=\"15\" data-date-time=\"date\" data-mode=\"single\" data-locale=\"en\" data-date-format=\"Y-m-d\" conditional_id=\"x47qcDpeZD-8\"  ><\/div><\/div><div class=\"evf-frontend-grid evf-grid-2\" data-grid=\"grid_2\"><div id=\"evf-1235-field_CAi0q5lk5K-1-container\" class=\"evf-field evf-field-first-name form-row validate-required\" data-required-field-message=\"Ce champ est n\u00e9cessaire.\" data-field-id=\"CAi0q5lk5K-1\"><label class=\"evf-field-label\" for=\"evf-1235-field_CAi0q5lk5K-1\"><span class=\"evf-label\">Pr\u00e9nom<\/span> <abbr class=\"required\" title=\"N\u00e9cessaire\">*<\/abbr><\/label><input type=\"text\" id=\"evf-1235-field_CAi0q5lk5K-1\" class=\"input-text\" name=\"everest_forms[form_fields][CAi0q5lk5K-1]\" conditional_id=\"CAi0q5lk5K-1\" required><\/div><div id=\"evf-1235-field_xuTI4F3Ojm-5-container\" class=\"evf-field evf-field-phone form-row validate-required validate-phone\" data-required-field-message=\"\" data-field-id=\"xuTI4F3Ojm-5\"><label class=\"evf-field-label\" for=\"evf-1235-field_xuTI4F3Ojm-5\"><span class=\"evf-label\">T\u00e9l\u00e9phone<\/span> <abbr class=\"required\" title=\"N\u00e9cessaire\">*<\/abbr><\/label><input type=\"tel\" id=\"evf-1235-field_xuTI4F3Ojm-5\" class=\"input-text evf-smart-phone-field\" data-rule-smart-phone-field=\"true\" name=\"everest_forms[form_fields][xuTI4F3Ojm-5]\" conditional_id=\"xuTI4F3Ojm-5\" required><\/div><\/div><\/div><div class=\"evf-frontend-row\" data-row=\"row_3\"><div class=\"evf-frontend-grid evf-grid-1\" data-grid=\"grid_1\"><div id=\"evf-1235-field_noZsAFzD7g-10-container\" class=\"evf-field evf-field-textarea form-row\" data-field-id=\"noZsAFzD7g-10\"><label class=\"evf-field-label\" for=\"evf-1235-field_noZsAFzD7g-10\"><span class=\"evf-label\">Votre message<\/span> <\/label><textarea id=\"evf-1235-field_noZsAFzD7g-10\" class=\"input-text\" name=\"everest_forms[form_fields][noZsAFzD7g-10]\" conditional_id=\"noZsAFzD7g-10\" ><\/textarea><\/div><div id=\"evf-1235-field_e8trorHtHa-6-container\" class=\"evf-field evf-field-file-upload form-row validate-required\" data-required-field-message=\"Ce champ est n\u00e9cessaire.\" data-field-id=\"e8trorHtHa-6\"><label class=\"evf-field-label\" for=\"evf-1235-field_e8trorHtHa-6\"><span class=\"evf-label\">Votre CV<\/span> <abbr class=\"required\" title=\"N\u00e9cessaire\">*<\/abbr><\/label>\t\t<div class=\"everest-forms-uploader\"\n\t\t\tdata-field-id=\"e8trorHtHa-6\"\n\t\t\tdata-form-id=\"1235\"\n\t\t\tdata-input-name=\"everest_forms_1235_e8trorHtHa-6\"\n\t\t\tdata-extensions=\"png,jpeg,jpg,doc,docx,pdf\"\n\t\t\tdata-max-size=\"16777216\"\n\t\t\tdata-max-file-number=\"1\"\n\t\t\tdata-post-max-size=\"537919488\">\n\t\t\t<div class=\"dz-message\">\n\t\t\t\t<svg xmlns=\"http:\/\/www.w3.org\/2000\/svg\" viewBox=\"0 0 32 32\" width=\"32px\" height=\"32px\" fill=\"#868e96\"><path class=\"cls-1\" d=\"M18.12,17.52,17,16.4V25a1,1,0,0,1-2,0V16.4l-1.12,1.12a1,1,0,0,1-1.42,0,1,1,0,0,1,0-1.41l2.83-2.83a1,1,0,0,1,1.42,0l2.83,2.83a1,1,0,0,1-.71,1.7A1,1,0,0,1,18.12,17.52ZM22,22H20a1,1,0,0,1,0-2h2a4,4,0,0,0,.27-8,1,1,0,0,1-.84-.57,6,6,0,0,0-11.36,1.69,1,1,0,0,1-1,.86H9A3,3,0,0,0,9,20h3a1,1,0,0,1,0,2H9a5,5,0,0,1-.75-9.94A8,8,0,0,1,23,10.1,6,6,0,0,1,22,22Z\"\/><\/svg>\n\t\t\t\t<span class=\"everest-forms-upload-title\">\n\t\t\t\t\tDrop your file here or click here to upload\t\t\t\t<\/span>\n\n\t\t\t\t\t\t\t<\/div>\n\t\t<\/div>\n\t\t<input type=\"text\" class=\"dropzone-input input-text\" id=\"everest-forms-1235-field_e8trorHtHa-6\" name=\"everest_forms_1235_e8trorHtHa-6\" required conditional_id=\"e8trorHtHa-6\" conditional_rules=''>\n\t\t<div class=\"evf-field-description\">Poids max. 2 Mo \/ Formats : doc, docx, pdf, png, jpeg, jpg.<\/div><\/div><\/div><\/div><\/div><div class=\"evf-honeypot-container evf-field-hp\"><label for=\"evf-1235-field-hp\" class=\"evf-field-label\">Phone<\/label><input type=\"text\" name=\"everest_forms[hp]\" id=\"evf-1235-field-hp\" class=\"input-text\"><\/div><div class=\"evf-submit-container \" ><input type=\"hidden\" name=\"everest_forms[id]\" value=\"1235\"><input type=\"hidden\" name=\"everest_forms[author]\" value=\"1\"><button type='submit' name='everest_forms[submit]' class='everest-forms-submit-button button evf-submit ' id='evf-submit-1235' value='evf-submit' data-process-text=\"Processing\u2026\" conditional_rules='\"\"' conditional_id='evf-submit-1235' >Envoyer<\/button><\/div><\/form><\/div><!-- .evf-container --><\/div>\t\t\t\t\t\t<\/div>\n\t\t\t\t<\/div>\n\t\t\t\t\t<\/div>\n\t\t<\/div>\n\t\t\t\t\t\t\t<\/div>\n\t\t<\/section>\n\t\t\t\t<section class=\"elementor-section elementor-top-section elementor-element elementor-element-5ba22ca3 elementor-section-height-min-height elementor-section-boxed elementor-section-height-default elementor-section-items-middle\" data-id=\"5ba22ca3\" data-element_type=\"section\" data-settings=\"{&quot;background_background&quot;:&quot;classic&quot;}\">\n\t\t\t\t\t\t\t<div class=\"elementor-background-overlay\"><\/div>\n\t\t\t\t\t\t\t<div class=\"elementor-container elementor-column-gap-default\">\n\t\t\t\t\t<div class=\"elementor-column elementor-col-33 elementor-top-column elementor-element elementor-element-1cbb3462\" data-id=\"1cbb3462\" data-element_type=\"column\">\n\t\t\t<div class=\"elementor-widget-wrap elementor-element-populated\">\n\t\t\t\t\t\t\t\t<div class=\"elementor-element elementor-element-134cd7e2 elementor-widget elementor-widget-heading\" data-id=\"134cd7e2\" data-element_type=\"widget\" data-widget_type=\"heading.default\">\n\t\t\t\t<div class=\"elementor-widget-container\">\n\t\t\t<h2 class=\"elementor-heading-title elementor-size-default\">TBC D\u00e9samiantage<\/h2>\t\t<\/div>\n\t\t\t\t<\/div>\n\t\t\t\t<div class=\"elementor-element elementor-element-1fb463c1 elementor-widget elementor-widget-heading\" data-id=\"1fb463c1\" data-element_type=\"widget\" data-widget_type=\"heading.default\">\n\t\t\t\t<div class=\"elementor-widget-container\">\n\t\t\t<h2 class=\"elementor-heading-title elementor-size-medium\"><a href=\"http:\/\/tbcdesamiantage.fr\/?page_id=923\">L'entreprise<\/a><\/h2>\t\t<\/div>\n\t\t\t\t<\/div>\n\t\t\t\t<div class=\"elementor-element elementor-element-7c85291b elementor-icon-list--layout-traditional elementor-list-item-link-full_width elementor-widget elementor-widget-icon-list\" data-id=\"7c85291b\" data-element_type=\"widget\" data-widget_type=\"icon-list.default\">\n\t\t\t\t<div class=\"elementor-widget-container\">\n\t\t\t\t\t<ul class=\"elementor-icon-list-items\">\n\t\t\t\t\t\t\t<li class=\"elementor-icon-list-item\">\n\t\t\t\t\t\t\t\t\t\t\t<a href=\"http:\/\/tbcdesamiantage.fr\/?page_id=930\">\n\n\t\t\t\t\t\t\t\t\t\t\t\t<span class=\"elementor-icon-list-icon\">\n\t\t\t\t\t\t\t<svg xmlns=\"http:\/\/www.w3.org\/2000\/svg\" xmlns:xlink=\"http:\/\/www.w3.org\/1999\/xlink\" id=\"&#x421;&#x43B;&#x43E;&#x439;_1\" x=\"0px\" y=\"0px\" viewBox=\"0 0 180.43 197.83\" style=\"enable-background:new 0 0 180.43 197.83;\" xml:space=\"preserve\">\n<style type=\"text\/css\">\n\t.st0{fill:#FFFFFF;}\n<\/style>\n<g>\n\t<g>\n\t\t<g>\n\t\t\t<polygon class=\"st0\" points=\"76.32,178.78 42.55,145.01 87.07,100.49 42.55,55.97 76.32,22.19 154.61,100.49    \"><\/polygon>\n\t\t<\/g>\n\t<\/g>\n<\/g>\n<\/svg>\t\t\t\t\t\t<\/span>\n\t\t\t\t\t\t\t\t\t\t<span class=\"elementor-icon-list-text\">D\u00e9samiantage<\/span>\n\t\t\t\t\t\t\t\t\t\t\t<\/a>\n\t\t\t\t\t\t\t\t\t<\/li>\n\t\t\t\t\t\t\t\t<li class=\"elementor-icon-list-item\">\n\t\t\t\t\t\t\t\t\t\t\t<a href=\"http:\/\/tbcdesamiantage.fr\/?page_id=931\">\n\n\t\t\t\t\t\t\t\t\t\t\t\t<span class=\"elementor-icon-list-icon\">\n\t\t\t\t\t\t\t<svg xmlns=\"http:\/\/www.w3.org\/2000\/svg\" xmlns:xlink=\"http:\/\/www.w3.org\/1999\/xlink\" id=\"&#x421;&#x43B;&#x43E;&#x439;_1\" x=\"0px\" y=\"0px\" viewBox=\"0 0 180.43 197.83\" style=\"enable-background:new 0 0 180.43 197.83;\" xml:space=\"preserve\">\n<style type=\"text\/css\">\n\t.st0{fill:#FFFFFF;}\n<\/style>\n<g>\n\t<g>\n\t\t<g>\n\t\t\t<polygon class=\"st0\" points=\"76.32,178.78 42.55,145.01 87.07,100.49 42.55,55.97 76.32,22.19 154.61,100.49    \"><\/polygon>\n\t\t<\/g>\n\t<\/g>\n<\/g>\n<\/svg>\t\t\t\t\t\t<\/span>\n\t\t\t\t\t\t\t\t\t\t<span class=\"elementor-icon-list-text\">D\u00e9plombage<\/span>\n\t\t\t\t\t\t\t\t\t\t\t<\/a>\n\t\t\t\t\t\t\t\t\t<\/li>\n\t\t\t\t\t\t\t\t<li class=\"elementor-icon-list-item\">\n\t\t\t\t\t\t\t\t\t\t\t<a href=\"http:\/\/tbcdesamiantage.fr\/?page_id=932\">\n\n\t\t\t\t\t\t\t\t\t\t\t\t<span class=\"elementor-icon-list-icon\">\n\t\t\t\t\t\t\t<svg xmlns=\"http:\/\/www.w3.org\/2000\/svg\" xmlns:xlink=\"http:\/\/www.w3.org\/1999\/xlink\" id=\"&#x421;&#x43B;&#x43E;&#x439;_1\" x=\"0px\" y=\"0px\" viewBox=\"0 0 180.43 197.83\" style=\"enable-background:new 0 0 180.43 197.83;\" xml:space=\"preserve\">\n<style type=\"text\/css\">\n\t.st0{fill:#FFFFFF;}\n<\/style>\n<g>\n\t<g>\n\t\t<g>\n\t\t\t<polygon class=\"st0\" points=\"76.32,178.78 42.55,145.01 87.07,100.49 42.55,55.97 76.32,22.19 154.61,100.49    \"><\/polygon>\n\t\t<\/g>\n\t<\/g>\n<\/g>\n<\/svg>\t\t\t\t\t\t<\/span>\n\t\t\t\t\t\t\t\t\t\t<span class=\"elementor-icon-list-text\">D\u00e9pollution<\/span>\n\t\t\t\t\t\t\t\t\t\t\t<\/a>\n\t\t\t\t\t\t\t\t\t<\/li>\n\t\t\t\t\t\t<\/ul>\n\t\t\t\t<\/div>\n\t\t\t\t<\/div>\n\t\t\t\t<div class=\"elementor-element elementor-element-5325ef47 elementor-widget elementor-widget-heading\" data-id=\"5325ef47\" data-element_type=\"widget\" data-widget_type=\"heading.default\">\n\t\t\t\t<div class=\"elementor-widget-container\">\n\t\t\t<h2 class=\"elementor-heading-title elementor-size-medium\"><a href=\"http:\/\/tbcdesamiantage.fr\/?page_id=924\">Nos r\u00e9alisations<\/a><\/h2>\t\t<\/div>\n\t\t\t\t<\/div>\n\t\t\t\t<div class=\"elementor-element elementor-element-819da0c elementor-widget elementor-widget-heading\" data-id=\"819da0c\" data-element_type=\"widget\" data-widget_type=\"heading.default\">\n\t\t\t\t<div class=\"elementor-widget-container\">\n\t\t\t<h2 class=\"elementor-heading-title elementor-size-medium\"><a href=\"http:\/\/tbcdesamiantage.fr\/?page_id=978\">Mentions l\u00e9gales<\/a><\/h2>\t\t<\/div>\n\t\t\t\t<\/div>\n\t\t\t\t\t<\/div>\n\t\t<\/div>\n\t\t\t\t<div class=\"elementor-column elementor-col-33 elementor-top-column elementor-element elementor-element-2c90476c\" data-id=\"2c90476c\" data-element_type=\"column\">\n\t\t\t<div class=\"elementor-widget-wrap elementor-element-populated\">\n\t\t\t\t\t\t\t\t<div class=\"elementor-element elementor-element-353f32f elementor-widget elementor-widget-spacer\" data-id=\"353f32f\" data-element_type=\"widget\" data-widget_type=\"spacer.default\">\n\t\t\t\t<div class=\"elementor-widget-container\">\n\t\t\t\t\t<div class=\"elementor-spacer\">\n\t\t\t<div class=\"elementor-spacer-inner\"><\/div>\n\t\t<\/div>\n\t\t\t\t<\/div>\n\t\t\t\t<\/div>\n\t\t\t\t<div class=\"elementor-element elementor-element-7338d256 elementor-widget elementor-widget-spacer\" data-id=\"7338d256\" data-element_type=\"widget\" data-widget_type=\"spacer.default\">\n\t\t\t\t<div class=\"elementor-widget-container\">\n\t\t\t\t\t<div class=\"elementor-spacer\">\n\t\t\t<div class=\"elementor-spacer-inner\"><\/div>\n\t\t<\/div>\n\t\t\t\t<\/div>\n\t\t\t\t<\/div>\n\t\t\t\t<div class=\"elementor-element elementor-element-5260224f elementor-widget elementor-widget-heading\" data-id=\"5260224f\" data-element_type=\"widget\" data-widget_type=\"heading.default\">\n\t\t\t\t<div class=\"elementor-widget-container\">\n\t\t\t<h2 class=\"elementor-heading-title elementor-size-medium\">Certification<\/h2>\t\t<\/div>\n\t\t\t\t<\/div>\n\t\t\t\t<div class=\"elementor-element elementor-element-244ad35f elementor-widget elementor-widget-text-editor\" data-id=\"244ad35f\" data-element_type=\"widget\" data-widget_type=\"text-editor.default\">\n\t\t\t\t<div class=\"elementor-widget-container\">\n\t\t\t\t\t\t\t<p>Sous la certification <strong>Qualibat 1552,<\/strong> l\u2019entreprise r\u00e9alise des travaux de retrait de mat\u00e9riaux contenant de l\u2019amiante, avec un personnel d\u00fbment qualifi\u00e9 et form\u00e9, selon une organisation stricte et des dispositions adapt\u00e9es.<\/p><p><img loading=\"lazy\" decoding=\"async\" data-attachment-id=\"530\" data-permalink=\"https:\/\/tbcdesamiantage.fr\/?attachment_id=530\" data-orig-file=\"https:\/\/i2.wp.com\/tbcdesamiantage.fr\/wp-content\/uploads\/2021\/09\/Logo-Qualibat.png?fit=2400%2C2513&amp;ssl=1\" data-orig-size=\"2400,2513\" data-comments-opened=\"1\" data-image-meta=\"{&quot;aperture&quot;:&quot;0&quot;,&quot;credit&quot;:&quot;&quot;,&quot;camera&quot;:&quot;&quot;,&quot;caption&quot;:&quot;&quot;,&quot;created_timestamp&quot;:&quot;0&quot;,&quot;copyright&quot;:&quot;&quot;,&quot;focal_length&quot;:&quot;0&quot;,&quot;iso&quot;:&quot;0&quot;,&quot;shutter_speed&quot;:&quot;0&quot;,&quot;title&quot;:&quot;&quot;,&quot;orientation&quot;:&quot;0&quot;}\" data-image-title=\"Logo Qualibat\" data-image-description=\"\" data-image-caption=\"\" data-medium-file=\"https:\/\/i2.wp.com\/tbcdesamiantage.fr\/wp-content\/uploads\/2021\/09\/Logo-Qualibat.png?fit=287%2C300&amp;ssl=1\" data-large-file=\"https:\/\/i2.wp.com\/tbcdesamiantage.fr\/wp-content\/uploads\/2021\/09\/Logo-Qualibat.png?fit=978%2C1024&amp;ssl=1\" class=\"wp-image-530 aligncenter\" src=\"https:\/\/i1.wp.com\/tbcdesamiantage.fr\/wp-content\/uploads\/2021\/09\/Logo-Qualibat-287x300.png?resize=40%2C42\" alt=\"\" width=\"40\" height=\"42\" data-recalc-dims=\"1\" srcset=\"https:\/\/i2.wp.com\/tbcdesamiantage.fr\/wp-content\/uploads\/2021\/09\/Logo-Qualibat.png?resize=287%2C300&amp;ssl=1 287w, https:\/\/i2.wp.com\/tbcdesamiantage.fr\/wp-content\/uploads\/2021\/09\/Logo-Qualibat.png?resize=978%2C1024&amp;ssl=1 978w, https:\/\/i2.wp.com\/tbcdesamiantage.fr\/wp-content\/uploads\/2021\/09\/Logo-Qualibat.png?resize=768%2C804&amp;ssl=1 768w, https:\/\/i2.wp.com\/tbcdesamiantage.fr\/wp-content\/uploads\/2021\/09\/Logo-Qualibat.png?resize=1467%2C1536&amp;ssl=1 1467w, https:\/\/i2.wp.com\/tbcdesamiantage.fr\/wp-content\/uploads\/2021\/09\/Logo-Qualibat.png?resize=1956%2C2048&amp;ssl=1 1956w\" sizes=\"(max-width: 40px) 100vw, 40px\" \/><\/p>\t\t\t\t\t\t<\/div>\n\t\t\t\t<\/div>\n\t\t\t\t\t<\/div>\n\t\t<\/div>\n\t\t\t\t<div class=\"elementor-column elementor-col-33 elementor-top-column elementor-element elementor-element-3eda9fe1\" data-id=\"3eda9fe1\" data-element_type=\"column\">\n\t\t\t<div class=\"elementor-widget-wrap elementor-element-populated\">\n\t\t\t\t\t\t\t\t<div class=\"elementor-element elementor-element-44f9ef6b elementor-align-center elementor-widget elementor-widget-button\" data-id=\"44f9ef6b\" data-element_type=\"widget\" data-widget_type=\"button.default\">\n\t\t\t\t<div class=\"elementor-widget-container\">\n\t\t\t\t\t<div class=\"elementor-button-wrapper\">\n\t\t\t<a href=\"http:\/\/tbcdesamiantage.fr\/?page_id=985\" class=\"elementor-button-link elementor-button elementor-size-sm elementor-animation-grow\" role=\"button\">\n\t\t\t\t\t\t<span class=\"elementor-button-content-wrapper\">\n\t\t\t\t\t\t<span class=\"elementor-button-text\">Nous contacter<\/span>\n\t\t<\/span>\n\t\t\t\t\t<\/a>\n\t\t<\/div>\n\t\t\t\t<\/div>\n\t\t\t\t<\/div>\n\t\t\t\t<div class=\"elementor-element elementor-element-687f49df elementor-align-center elementor-widget elementor-widget-button\" data-id=\"687f49df\" data-element_type=\"widget\" data-widget_type=\"button.default\">\n\t\t\t\t<div class=\"elementor-widget-container\">\n\t\t\t\t\t<div class=\"elementor-button-wrapper\">\n\t\t\t<a href=\"http:\/\/tbcdesamiantage.fr\/?page_id=987\" class=\"elementor-button-link elementor-button elementor-size-sm elementor-animation-grow\" role=\"button\">\n\t\t\t\t\t\t<span class=\"elementor-button-content-wrapper\">\n\t\t\t\t\t\t<span class=\"elementor-button-text\">Nous rejoindre<\/span>\n\t\t<\/span>\n\t\t\t\t\t<\/a>\n\t\t<\/div>\n\t\t\t\t<\/div>\n\t\t\t\t<\/div>\n\t\t\t\t\t<\/div>\n\t\t<\/div>\n\t\t\t\t\t\t\t<\/div>\n\t\t<\/section>\n\t\t\t\t\t\t<\/div>\n\t\t\t\t\t<\/div>\n\t\t","protected":false},"excerpt":{"rendered":"<p>Rejoignez-nous ! Candidatures spontan\u00e9es Vous souhaitez rejoindre nos \u00e9quipes ? Envoyez votre candidature ! \u00a0 TBC D\u00e9samiantage L&rsquo;entreprise D\u00e9samiantage D\u00e9plombage D\u00e9pollution Nos r\u00e9alisations Mentions l\u00e9gales Certification Sous la certification Qualibat 1552, l\u2019entreprise r\u00e9alise des travaux de retrait de mat\u00e9riaux contenant de l\u2019amiante, avec un personnel d\u00fbment qualifi\u00e9 et form\u00e9, selon une organisation stricte et des &hellip;<\/p>\n<p class=\"read-more\"> <a class=\"\" href=\"https:\/\/tbcdesamiantage.fr\/?page_id=987\"> <span class=\"screen-reader-text\">Nous rejoindre<\/span> Lire la suite\u00a0\u00bb<\/a><\/p>\n","protected":false},"author":1,"featured_media":0,"parent":0,"menu_order":0,"comment_status":"closed","ping_status":"closed","template":"","meta":{"_ti_tpc_template_sync":false,"_ti_tpc_template_id":"","spay_email":"","footnotes":""},"_links":{"self":[{"href":"https:\/\/tbcdesamiantage.fr\/index.php?rest_route=\/wp\/v2\/pages\/987"}],"collection":[{"href":"https:\/\/tbcdesamiantage.fr\/index.php?rest_route=\/wp\/v2\/pages"}],"about":[{"href":"https:\/\/tbcdesamiantage.fr\/index.php?rest_route=\/wp\/v2\/types\/page"}],"author":[{"embeddable":true,"href":"https:\/\/tbcdesamiantage.fr\/index.php?rest_route=\/wp\/v2\/users\/1"}],"replies":[{"embeddable":true,"href":"https:\/\/tbcdesamiantage.fr\/index.php?rest_route=%2Fwp%2Fv2%2Fcomments&post=987"}],"version-history":[{"count":67,"href":"https:\/\/tbcdesamiantage.fr\/index.php?rest_route=\/wp\/v2\/pages\/987\/revisions"}],"predecessor-version":[{"id":1828,"href":"https:\/\/tbcdesamiantage.fr\/index.php?rest_route=\/wp\/v2\/pages\/987\/revisions\/1828"}],"wp:attachment":[{"href":"https:\/\/tbcdesamiantage.fr\/index.php?rest_route=%2Fwp%2Fv2%2Fmedia&parent=987"}],"curies":[{"name":"wp","href":"https:\/\/api.w.org\/{rel}","templated":true}]}}